of 2378 and 3116?
82
What is the greatest common factor of 14280335 and 370?
185
What is the greatest common divisor of 10 and 105788?
2
Calculate the highest common factor of 7722 and 418.
22
Calculate the greatest common factor of 87454 and 4526.
146
Calculate the highest common divisor of 40035 and 22137.
471
Calculate the greatest common factor of 319480 and 147.
49
What is the greatest common factor of 36 and 4239?
9
Calculate the greatest common divisor of 327 and 543801.
327
Calculate the greatest common divisor of 5 and 329905.
5
What is the highest common factor of 309 and 293?
1
What is the greatest common factor of 3915 and 5130?
135
What is the greatest common divisor of 39 and 579813?
39
What is the highest common divisor of 2240 and 54432?
224
Calculate the highest common factor of 1304 and 584.
8
What is the greatest common divisor of 558 and 248?
62
Calculate the highest common factor of 1974 and 9408.
42
What is the highest common factor of 543 and 1051972?
181
What is the greatest common divisor of 29000 and 9715?
145
What is the greatest common divisor of 72 and 734496?
24
Calculate the greatest common divisor of 23085 and 1235.
95
What is the highest common divisor of 10216 and 841543?
1277
Calculate the highest common divisor of 202 and 6431276.
202
What is the highest common factor of 437885 and 140?
35
Calculate the highest common factor of 1229554 and 21030.
1402
What is the highest common factor of 341446 and 1218?
406
What is the greatest common factor of 1705 and 14740?
55
Calculate the greatest common factor of 16472 and 319.
29
What is the greatest common divisor of 162813 and 147?
21
What is the highest common factor of 66 and 31944?
66
Calculate the highest common divisor of 1629 and 6390567.
1629
What is the highest common divisor of 29944 and 591?
197
What is the greatest common divisor of 95050 and 300?
50
Calculate the highest common factor of 285 and 14155.
95
What is the greatest common factor of 198984 and 240?
24
Calculate the highest common factor of 88 and 315392.
88
Calculate the highest common factor of 123 and 72324.
123
Calculate the highest common divisor of 170229 and 2506.
179
Calculate the greatest common divisor of 6642 and 9234.
162
Calculate the highest common divisor of 9234160 and 520.
520
What is the highest common factor of 6854 and 63112?
46
Calculate the greatest common divisor of 1032 and 129430.
86
Calculate the greatest common factor of 308 and 4676.
28
What is the greatest common divisor of 1264582 and 47?
47
What is the highest common divisor of 264802 and 62?
62
Calculate the greatest common factor of 808 and 105232.
8
What is the highest common divisor of 162 and 143937?
81
What is the highest common divisor of 15384 and 696?
24
Calculate the greatest common divisor of 2219 and 2359.
7
What is the highest common divisor of 6407 and 7897?
149
What is the greatest common divisor of 62625 and 2775?
75
What is the highest common factor of 2015597 and 674?
337
Calculate the highest common divisor of 16 and 29492.
4
Calculate the highest common factor of 30 and 910410.
30
What is the greatest common divisor of 112 and 47992?
56
Calculate the greatest common divisor of 65916 and 1152.
36
Calculate the greatest common factor of 14360 and 29797.
359
What is the greatest common divisor of 72 and 636000?
24
What is the greatest common divisor of 5808 and 998492?
484
What is the highest common divisor of 39269 and 1101?
367
Calculate the greatest common divisor of 128 and 501632.
128
Calculate the highest common divisor of 46210 and 790.
10
Calculate the highest common divisor of 1254 and 977493.
627
What is the highest common divisor of 448008 and 168?
24
Calculate the greatest common factor of 2 and 20606.
2
What is the greatest common factor of 984 and 1875996?
492
Calculate the greatest common divisor of 29232 and 224.
112
Calculate the highest common factor of 1312476 and 610.
122
What is the greatest common factor of 6375 and 448500?
375
Calculate the highest common factor of 2 and 8518.
2
Calculate the greatest common divisor of 30261 and 14091.
231
Calculate the highest common divisor of 34622 and 252.
14
What is the greatest common divisor of 81449 and 237?
79
Calculate the highest common divisor of 28 and 1365.
7
What is the highest common divisor of 11398 and 26549?
139
What is the greatest common factor of 2452714 and 22?
22
Calculate the greatest common factor of 19 and 1205531.
19
What is the greatest common divisor of 2619 and 1593?
27
What is the greatest common divisor of 1199650 and 100?
50
Calculate the greatest common divisor of 4293183 and 228.
57
What is the greatest common divisor of 612400 and 600?
200
What is the greatest common factor of 1630 and 1467?
163
Calculate the greatest common factor of 602 and 28238.
14
Calculate the greatest common factor of 7895 and 55.
5
Calculate the greatest common factor of 2211 and 528.
33
Calculate the highest common factor of 438496 and 16.
16
What is the highest common factor of 7840 and 1160?
40
What is the highest common divisor of 28325 and 88?
11
Calculate the greatest common divisor of 1330651 and 7.
7
What is the highest common factor of 407258 and 942?
314
What is the highest common divisor of 1420958 and 35?
7
What is the highest common factor of 1834097 and 619?
619
Calculate the highest common factor of 2709 and 210.
21
What is the highest common divisor of 4662 and 1890?
126
What is the greatest common divisor of 120 and 3426680?
40
What is the greatest common divisor of 13260 and 96?
12
What is the greatest common factor of 162 and 174177?
27
Calculate the greatest common divisor of 560 and 1296.
16
What is the greatest common factor of 28347 and 132?
33
What is the highest common divisor of 10 and 270110?
10
Calculate the greatest common divisor of 15066 and 802404.
558
Calculate the highest common factor of 456 and 671992.
152
What is the highest common factor of 8481174 and 908?
454
What is the highest common divisor of 31439 and 25777?
149
What is the highest common divisor of 1209 and 2750878?
403
Calculate the highest common factor of 49959 and 5.
1
Calculate the greatest common divisor of 1364 and 2016116.
124
What is the highest common divisor of 529830 and 348?
174
Calculate the greatest common divisor of 20787 and 205.
41
Calculate the highest common factor of 23112 and 7128.
216
Calculate the highest common divisor of 901758 and 110.
22
Calculate the greatest common factor of 367287 and 69.
69
Calculate the greatest common factor of 14482 and 442.
26
Calculate the greatest common factor of 2354 and 12694.
22
Calculate the greatest common factor of 2444 and 20304.
188
What is the greatest common factor of 32672 and 4?
4
Calculate the highest common factor of 375 and 176850.
75
What is the greatest common factor of 42294 and 342?
114
What is the highest common factor of 6 and 73734?
6
What is the highest common factor of 5559 and 357?
51
Calculate the greatest common factor of 119 and 162673.
119
What is the greatest common factor of 3431498 and 14?
14
Calculate the highest common divisor of 2824 and 376.
8
Calculate the highest common divisor of 12 and 673944.
12
Calculate the highest common factor of 72 and 52968.
24
Calculate the highest common factor of 69 and 613203.
69
Calculate the greatest common factor of 6384 and 15603.
21
Calculate the highest common factor of 15672 and 3840.
24
What is the highest common factor of 46 and 15778?
46
What is the highest common factor of 7303 and 6976?
109
Calculate the greatest common divisor of 4305 and 15170.
205
What is the greatest common divisor of 171 and 1033467?
57
What is the highest common divisor of 70525 and 273?
91
Calculate the greatest common divisor of 484 and 262823.
11
Calculate the highest common factor of 488 and 42334.
122
What is the highest common factor of 20 and 492100?
20
What is the greatest common factor of 928 and 23171?
29
Calculate the greatest common factor of 7571 and 28207.
67
Calculate the highest common factor of 750 and 6770.
10
Calculate the greatest common factor of 352 and 530.
2
What is the greatest common factor of 2028 and 1120132?
676
Calculate the highest common divisor of 124 and 54281.
31
What is the greatest common